= -6*a**2 + 4*a. Give b(3).
-42
Let s(a) = 11*a - 170. Calculate s(11).
-49
Let p(b) = b**3 + 8*b**2 + 3*b + 1. Give p(-3).
37
Let c(x) = -4*x + 20. Give c(6).
-4
Let n(i) = -i**2 + 18*i - 10. What is n(18)?
-10
Let l(r) = -2*r**3 - 9*r**2 + 11*r + 16. Determine l(-6).
58
Let r(x) = 3*x**3 - 17*x**2 - 7*x + 13. Give r(6).
7
Let a(m) = 3*m + 79. Determine a(-26).
1
Let b(k) = -3*k + 21. Determine b(16).
-27
Let v(w) = -2*w - 32. Determine v(-10).
-12
Let l(b) = b**3 + 45*b**2 + 44*b - 25. What is l(-44)?
-25
Let t(h) = -9*h - 1. Give t(1).
-10
Let h(j) = -2*j - 39. Determine h(-17).
-5
Let l(a) = a**2 + 26*a + 94. What is l(-21)?
-11
Let s(u) = -u**2 + 9*u - 20. What is s(7)?
-6
Let x(l) = -4*l - 1. Calculate x(3).
-13
Let b(t) = 10*t**2 + 117*t + 6. Determine b(-12).
42
Let c(v) = -2*v + 18. Give c(-6).
30
Let w(y) = -4*y - 20. Calculate w(20).
-100
Let j(v) = -2*v - 7. Determine j(-4).
1
Let h(l) = -6*l - 6. Give h(-3).
12
Let l(k) = 13*k - 55. Give l(4).
-3
Let u(z) = z**2 + 4*z + 21. Give u(0).
21
Let w(s) = s**2 - 2*s + 5. What is w(8)?
53
Let u(b) = b**2 - 7*b - 52. Determine u(9).
-34
Let f(r) = -6*r + 14. What is f(4)?
-10
Let i(s) = -s**3 - 16*s**2 - 16*s - 13. Calculate i(-15).
2
Let h(s) = -s**2 - 12*s + 19. What is h(-13)?
6
Let t(u) = -2*u**3 + 27*u**2 + 13*u - 5. Give t(14).
-19
Let h(d) = d**2 - 8*d - 127. Determine h(-8).
1
Let r(n) = n**2 - 5*n. Calculate r(6).
6
Let z(w) = -w**3 + 12*w**2 + 4. What is z(12)?
4
Let a(k) = -k - 16. Give a(-13).
-3
Let y(s) = s**3 - 29*s**2 - 62*s + 25. What is y(31)?
25
Let q(i) = -10*i - 26. Calculate q(-6).
34
Let c(r) = 5*r**2 + 156*r + 34. Determine c(-31).
3
Let t(a) = -54*a - 60. What is t(-1)?
-6
Let v(r) = -20*r + 47. Give v(7).
-93
Let m(u) = 15*u**2 - 7*u - 5. Determine m(-2).
69
Let f(w) = 4*w**2 - 4*w + 5. Calculate f(2).
13
Let l(p) = -20*p - 25. What is l(-5)?
75
Let z(a) = -a**3 - 9*a**2 - 14*a - 12. What is z(-7)?
-12
Let g(a) = -2*a**2 + 2*a + 33. Calculate g(-5).
-27
Let o(k) = k - 22. Give o(17).
-5
Let k(r) = -14*r - 10. Give k(-5).
60
Let q(z) = 4*z - 23. Calculate q(8).
9
Let k(c) = -7*c - 161. Calculate k(-23).
0
Let m(z) = 27*z + 1. Determine m(-1).
-26
Let j(p) = p - 31. What is j(-8)?
-39
Let b(m) = -m**2 + 7*m + 2. Determine b(7).
2
Let g(m) = -42*m + 17. Determine g(3).
-109
Let h(q) = -4*q + 3. Calculate h(2).
-5
Let k(l) = -l**2 + l + 17. Determine k(5).
-3
Let y(h) = h**3 + 10*h**2 - 17*h - 56. What is y(-11)?
10
Let t(h) = -h**3 - 2*h**2 + 3*h + 7. Determine t(-3).
7
Let f(a) = 6*a + 18. Calculate f(0).
18
Let q(p) = -2*p**2 + 4. What is q(-4)?
-28
Let g(t) = -2*t**2 + 2*t + 8. What is g(-2)?
-4
Let x(r) = -r**3 + 4*r**2 - 4*r + 9. What is x(4)?
-7
Let f(k) = 5*k**2 + 131*k + 29. Calculate f(-26).
3
Let g(y) = -y**3 + 7*y**2 + 2*y - 5. Give g(7).
9
Let m(f) = 19*f + 8. What is m(1)?
27
Let p(j) = -14*j + 117. What is p(7)?
19
Let y(k) = -k**3 + 4*k**2 + 12*k - 2. Determine y(6).
-2
Let o(a) = -4*a**2 - 16*a - 7. Give o(-6).
-55
Let j(b) = b**2 - 2*b + 5. Determine j(0).
5
Let v(n) = 8*n - 172. Determine v(21).
-4
Let g(n) = -4*n**2 - 3*n - 2. Determine g(-2).
-12
Let w(s) = 2*s - 6. What is w(-1)?
-8
Let q(r) = r + 7. What is q(-3)?
4
Let h(q) = 2*q**2 - q - 18. Calculate h(4).
10
Let k(z) = -3*z + 19. Calculate k(8).
-5
Let c(p) = p**3 + 4*p**2 - p - 1. Give c(-3).
11
Let c(i) = 3*i - 69. Calculate c(24).
3
Let f(t) = -t**2 - 36*t + 86. Give f(-38).
10
Let g(m) = -10*m + 73. What is g(8)?
-7
Let v(w) = 2*w**2 + 18*w - 1. Calculate v(-4).
-41
Let w(y) = 2*y**3 - 3*y**2 - 5*y + 2. Determine w(4).
62
Let z(v) = -v**2 - 20*v - 62. Calculate z(-15).
13
Let u(f) = f**3 + 84*f**2 + 980*f + 1. What is u(-70)?
1
Let v(m) = -18*m - 41. Give v(-3).
13
Let g(l) = l**2 - 3*l - 26. Calculate g(7).
2
Let f(u) = u**3 + 8*u**2 + 12*u + 2. Give f(-5).
17
Let t(p) = p**3 + p**2 - p - 12. Determine t(0).
-12
Let g(v) = v - 5. Give g(-8).
-13
Let k(r) = -r**3 + 15*r**2 - 13*r - 6. Give k(14).
8
Let o(l) = -4*l - 1. Give o(2).
-9
Let i(x) = 3*x**3 + 5*x**2 + 2*x - 6. Calculate i(-3).
-48
Let p(u) = u**3 - 11*u**2 - 17*u - 111. Determine p(13).
6
Let c(w) = w**3 - 8*w**2 - 4*w + 9. Determine c(8).
-23
Let f(b) = b - 3. Determine f(-13).
-16
Let h(g) = 5*g + 244. Give h(-48).
4
Let j(a) = -4*a**2 + 3*a - 4. Give j(3).
-31
Let j(k) = 23*k - 35. Calculate j(4).
57
Let i(z) = -z**2 + 6*z + 13. Calculate i(10).
-27
Let z(g) = g**3 + 5*g**2 + 5*g - 2. What is z(-3)?
1
Let i(w) = 2*w**2 - 2*w - 4. Determine i(-2).
8
Let j(m) = -8*m + 126. Calculate j(15).
6
Let m(a) = 7*a - 5. Calculate m(2).
9
Let c(t) = t**3 - 3*t**2 + 1. What is c(3)?
1
Let w(a) = -2*a**3 + 25*a**2 - 10*a - 35. Calculate w(12).
-11
Let w(v) = -v**3 - 7*v**2 - 10*v - 12. Determine w(-6).
12
Let i(y) = y**3 - 9*y**2 + 12*y + 3. Give i(7).
-11
Let d(k) = k - 4. Calculate d(6).
2
Let m(b) = -4*b - 19. What is m(-6)?
5
Let z(r) = -3*r + 7. What is z(-9)?
34
Let k(b) = b**3 - 5*b**2 - 5*b - 9. Calculate k(6).
-3
Let u(c) = -c**2 - 17*c. What is u(-15)?
30
Let z(t) = -t**2 + 20*t - 111. Calculate z(6).
-27
Let n(f) = f**3 + 5*f**2 - 14*f + 7. What is n(-7)?
7
Let d(p) = p**3 - p**2 - p - 1. What is d(-1)?
-2
Let g(w) = -w**2 + 10*w + 1. Give g(10).
1
Let r(j) = 2*j - 18. Give r(8).
-2
Let q(h) = h**3 + 2*h**2 + h + 12. Calculate q(-3).
0
Let o(q) = 2*q + 13. Calculate o(-9).
-5
Let o(v) = 2*v + 26. Determine o(-6).
14
Let b(t) = t**3 + 4*t**2 + 4*t + 4. Give b(-2).
4
Let t(y) = 3*y**3 + 30*y**2 + 5*y + 32. What is t(-10)?
-18
Let z(p) = -p**2 + 4*p - 6. Determine z(3).
-3
Let w(u) = 27*u + 2. Calculate w(-2).
-52
Let a(l) = -l**3 + 7*l**2 - 8*l + 3. What is a(4)?
19
Let l(r) = -30*r**3 - r**2 + r - 1. What is l(1)?
-31
Let a(i) = 10*i + 116. Determine a(-12).
-4
Let p(n) = n**2 + 4*n + 1. What is p(-1)?
-2
Let u(r) = -12*r**2 + 1. Calculate u(-1).
-11
Let c(y) = -y**2 + 22*y - 61. What is c(16)?
35
Let o(j) = -j**3 - j**2 - 2*j - 27. Calculate o(0).
-27
Let a(u) = 5*u - 49. Calculate a(11).
6
Let u(f) = -f**2 + 8*f + 21. Give u(10).
1
Let m(d) = -d**3 - 7*d**2 + 62*d + 23. What is m(-12)?
-1
Let d(o) = o**3 - 23*o**2 - 3*o + 38. Calculate d(23).
-31
Let h(u) = 8*u**2 + 2*u - 1. What is h(1)?
9
Let i(a) = -2*a**3 + 38*a**2 + 43*a - 58. Give i(20).
2
Let d(q) = -9*q - 10. Determine d(5).
-55
Let c(l) = -l**3 - 7*l**2 - 5*l - 14. What is c(-7)?
21
Let o(i) = -6*i + 1. What is o(-2)?
13
Let r(i) = -i**3 - 6*i**2 - 7. Determine r(-6).
-7
Let d(s) = -2*s**2 - 36*s - 28. Determine d(-17).
6
Let n(i) = 11*i**2 - 2. Give n(2).
42
Let q(k) = 2*k**3 - k**2 - 4*k - 5. Give q(-2).
-17
Let q(y) = y**3 - 7*y**2 - 6*y - 12. Give q(8).
4
Let u(y) = y**3 + 3*y**2 - 3*y - 4. Give u(-3).
5
Let l(j) = 6*j - 42. Give l(7).
0
Let g(h) = 4*h**2 + 21*h + 1. Calculate g(-5).
-4
Let m(z) = 13*z + 174. What is m(0)?
174
Let n(r) = 6*r - 52. Give n(6).
-16
Let w(x) = 100*x + 401. Give w(-4).
1
Let n(p) = -8*p + 9. What is n(0)?
9
Let y(q) = q**3 + 22*q**2 - 22*q + 22. Give y(-23).
-1
Let t(x) = -5*x - 77. Calculate t(-14).
-7
Let d(v) = -2*v**3 + 25*v**2 + 14*v - 13. Determine d(13).
0
Let z(k) = -k**3 + 3*k**2 - 2. Give z(4).
-18
Let n(u) = -16*u - 20. Determine n(4).
-84
Let g(r) = -r**2 - 8*r + 8. Calculate g(-9).
-1
Let f(b) = -8*b**2 - 2*b + 1. What is f(1)?
-9
Let d(m) = m**2 - 17*m + 35. Determine d(15).
5
Let b(a) = -2*a**2 - 17*a - 19. Give b(-8).
-11
Let k(m) = -2*m**3 + 25*m**2 + 13*m + 8. Calculate k(13).
8
Let b(z) = z**2 - 9*z + 9. Calculate b(5).
-11
Let u(x) = -x**2 - 4*x + 6. Calculate u(-5).
1
Let z(t) = t**2 - 7*t - 13. Determine z(9).
5
Let y(d) = -9*d + 1. What is y(1)?
-8
Let r(v) = -5*v**2 + 4*v + 66. What is r(4)?
2
Let a(g) = 4*g - 5. Give a(-4).
-21
Let w(h) = h**2 - 8*h - 58. What is w(-4)?
-10
Let w(h) = -h**3 - 16*h**2 + h + 23. Calculate w(-16).
7
Let w(o) = o**2 - 10*o - 7. Calculate w(9).
-16
Let w(n) = -8*n**2 + 209*n - 25. Give w(26).
1
Let j(y) = -30*y + 1. Determine j(-2).
61
Let o(y) = -y**3 + 3*y**2 + 9*y - 1. Calculate o(5).
-6
Let m(w) = 2*w**2 - 60*w + 60. Determine m(29).
2
Let h(s) = -s**3 + 25*s**2 + 27*s - 14. What is h(26)?
12
Let i(s) = -s - 4. What is i(-10)?
6
Let i(z) = z**3 - 5*z**2 - 9*z + 2. What is i(6)?
-16
Let m(d) = 9*d + 1. What is m(-1)?
-8
Let c(q) = q**2 - 51*q - 102. What is c(-2)?
4
Let l(w)